{"id":87,"date":"2024-10-03T13:38:10","date_gmt":"2024-10-03T13:38:10","guid":{"rendered":"https:\/\/sahidiarabians.com\/?page_id=87"},"modified":"2024-11-26T18:51:58","modified_gmt":"2024-11-26T18:51:58","slug":"vidar-al-sahidi","status":"publish","type":"page","link":"https:\/\/sahidiarabians.com\/index.php\/vidar-al-sahidi\/","title":{"rendered":"Vidar Al Sahidi"},"content":{"rendered":"\n<figure class=\"wp-block-image size-large\"><img loading=\"lazy\" decoding=\"async\" width=\"1024\" height=\"683\" src=\"https:\/\/sahidiarabians.com\/wp-content\/uploads\/2024\/11\/image005-1-1024x683.jpg\" alt=\"\" class=\"wp-image-429\" srcset=\"https:\/\/sahidiarabians.com\/wp-content\/uploads\/2024\/11\/image005-1-1024x683.jpg 1024w, https:\/\/sahidiarabians.com\/wp-content\/uploads\/2024\/11\/image005-1-300x200.jpg 300w, https:\/\/sahidiarabians.com\/wp-content\/uploads\/2024\/11\/image005-1-768x512.jpg 768w, https:\/\/sahidiarabians.com\/wp-content\/uploads\/2024\/11\/image005-1.jpg 1200w\" sizes=\"auto, (max-width: 1024px) 100vw, 1024px\" \/><\/figure>\n\n\n\n<h2 class=\"wp-block-heading\">Vidar Al Sahidi<\/h2>\n\n\n\n<p><br><strong>Born:<\/strong> 15 June 2020<br><strong>Deceased:<\/strong> 7 April 2022<br><strong>Sire:<\/strong> Ali Khan (by Cavalli)<br><strong>Dam:<\/strong> <a href=\"https:\/\/sahidiarabians.com\/index.php\/valeta\/\" data-type=\"page\" data-id=\"37\">Valeta F<\/a><\/p>\n\n\n\n<p><a href=\"https:\/\/www.allbreedpedigree.com\/vidar+al+sahidi\">Full Pedigree<\/a><\/p>\n\n\n\n<p>The first foal of our breeding program was born on 15 June 2020, a painted colt by the young and promising Ali Khan, owned by\u00a0<a href=\"https:\/\/www.instagram.com\/bohmer_horses\/\">B\u00f6hmer Horses<\/a>, out of our Valeta F. We named this colt Vidar Al Sahidi, from the Old Norse <em>V\u00ed\u00f0arr<\/em>, which is possibly derived from <em>v\u00ed\u00f0r<\/em> &#8220;wide&#8221; and <em>herr<\/em> &#8220;army, warrior&#8221;. In Norse mythology V\u00ed\u00f0arr is the son of Odin and Grid. At the time of the end of the world, Ragnar\u00f6k, it is said he will avenge his father&#8217;s death by slaying the wolf Fenrir.<\/p>\n\n\n\n<p>In the time that we owned Vidar we showed him seven times, of which he won Gold six times, Silver once and the title &#8220;Best in Show&#8221; twice.<\/p>\n\n\n\n<p>GOLD Colt Foal Champion &amp; BEST in Show, National C Show (Arabian Horse Weekend 2020)<br>GOLD Colt Foal Champion, BEST movement of the class &amp; BEST Dutch Bred Horse, International C Show (Arabian Horse Weekend 2020)<br>GOLD Colt Foal Champion &amp; BEST Movement Award (Dutch Nationals 2020)<br>GOLD Champion Junior Colts, European Show (Sentower Diamond Trophy 2021)<br>GOLD Champion Junior Colts &amp; BEST Movement Award, National C Show (Arabian Horse Weekend 2021)<br>SILVER Champion Junior Colts, Breeders Cup (Bruges Arabian Horse Event 2021)<br>GOLD Champion Junior Colts &amp; BEST Dutch Bred Horse (Dutch Nationals 2021)<\/p>\n\n\n\n<p>In September 2021, Vidar Al Sahidi was <strong>sold<\/strong> within the Netherlands.<\/p>\n\n\n\n<p>On April 7th 2022 Vidar Al Sahidi passed away after an unfortunate leg injury.<\/p>\n\n\n\n<figure class=\"wp-block-video\"><video height=\"480\" style=\"aspect-ratio: 848 \/ 480;\" width=\"848\" controls src=\"https:\/\/sahidiarabians.com\/wp-content\/uploads\/2024\/11\/personal-page-vidar.mp4\"><\/video><figcaption class=\"wp-element-caption\">Vidar Al Sahidi making his showdebut at Arabian Horse Weekend&nbsp;in&nbsp;Schaijk. Video by <a href=\"https:\/\/youtu.be\/y_pSU5uFRFM\">Arabian Essence<\/a><\/figcaption><\/figure>\n\n\n<div ><style id=\"wp_carousel_dynamic_css554\">#sp-wp-carousel-free-id-554 .wpcp-swiper-dots {margin: 40px 0px 0px 0px;}.wpcp-wrapper-554 .swiper-wrapper .swiper-slide-kenburn, .wpcp-wrapper-554 .swiper-wrapper, .wpcp-wrapper-554 .wpcpro-row{align-items: center;}#sp-wp-carousel-free-id-554 .wpcp-single-item {box-shadow: 0px 0px 0px 0px #dddddd;transition: all .3s;margin: 0px;}#sp-wp-carousel-free-id-554.swiper-flip .wpcp-single-item{margin: 0!important;}#sp-wp-carousel-free-id-554 .wpcp-single-item:hover {box-shadow: 0px 0px 0px 0px #dddddd;}#sp-wp-carousel-free-id-554.sp-wpcp-554 .wpcp-single-item {border: 1px solid #dddddd;}#sp-wp-carousel-free-id-554.sp-wpcp-554 .swiper-button-prev,#sp-wp-carousel-free-id-554.sp-wpcp-554 .swiper-button-next,#sp-wp-carousel-free-id-554.sp-wpcp-554 .swiper-button-prev:hover,#sp-wp-carousel-free-id-554.sp-wpcp-554 .swiper-button-next:hover {background: none;border: none;font-size: 30px;}#sp-wp-carousel-free-id-554.sp-wpcp-554 .swiper-button-prev i,#sp-wp-carousel-free-id-554.sp-wpcp-554 .swiper-button-next i {color: #aaa;}#sp-wp-carousel-free-id-554.sp-wpcp-554 .swiper-button-prev i:hover,#sp-wp-carousel-free-id-554.sp-wpcp-554 .swiper-button-next i:hover {color: #178087;}#sp-wp-carousel-free-id-554.sp-wpcp-554 .wpcp-swiper-dots .swiper-pagination-bullet {background-color: #cccccc;}#sp-wp-carousel-free-id-554.sp-wpcp-554 .wpcp-swiper-dots .swiper-pagination-bullet.swiper-pagination-bullet-active {background-color: #178087;} #sp-wp-carousel-free-id-554.sp-wpcp-554.wpcp-image-carousel .wpcp-single-item:hover img, #sp-wp-carousel-free-id-554.sp-wpcp-554.wpcp-post-carousel .wpcp-single-item:hover img, #sp-wp-carousel-free-id-554.sp-wpcp-554.wpcp-product-carousel .wpcp-single-item:hover img{-webkit-transform: scale(1.2);-moz-transform: scale(1.2);transform: scale(1.2);}#sp-wp-carousel-free-id-554 .wpcpro-row>[class*=\"wpcpro-col-\"] { padding: 0 10px; padding-bottom: 20px;} #sp-wp-carousel-free-id-554 .swiper-slide .single-item-fade:not(:last-child) { margin-right: 20px;}@media (min-width: 480px) { .wpcpro-row .wpcpro-col-sm-1 { flex: 0 0 100%; max-width: 100%; } .wpcpro-row .wpcpro-col-sm-2 { flex: 0 0 50%; max-width: 50%; } .wpcpro-row .wpcpro-col-sm-2-5 { flex: 0 0 75%; max-width: 75%; } .wpcpro-row .wpcpro-col-sm-3 { flex: 0 0 33.333%; max-width: 33.333%; } .wpcpro-row .wpcpro-col-sm-4 { flex: 0 0 25%; max-width: 25%; } .wpcpro-row .wpcpro-col-sm-5 { flex: 0 0 20%; max-width: 20%; } .wpcpro-row .wpcpro-col-sm-6 { flex: 0 0 16.66666666666667%; max-width: 16.66666666666667%; } .wpcpro-row .wpcpro-col-sm-7 { flex: 0 0 14.28571428%; max-width: 14.28571428%; } .wpcpro-row .wpcpro-col-sm-8 { flex: 0 0 12.5%; max-width: 12.5%; } } @media (max-width: 480px) { .wpcpro-row .wpcpro-col-xs-1 { flex: 0 0 100%; max-width: 100%; } .wpcpro-row .wpcpro-col-xs-2 { flex: 0 0 50%; max-width: 50%; } .wpcpro-row .wpcpro-col-xs-3 { flex: 0 0 33.222%; max-width: 33.222%; } .wpcpro-row .wpcpro-col-xs-4 { flex: 0 0 25%; max-width: 25%; } .wpcpro-row .wpcpro-col-xs-5 { flex: 0 0 20%; max-width: 20%; } .wpcpro-row .wpcpro-col-xs-6 { flex: 0 0 16.6667%; max-width: 16.6667%; } .wpcpro-row .wpcpro-col-xs-7 { flex: 0 0 14.28571428%; max-width: 14.28571428%; } .wpcpro-row .wpcpro-col-xs-8 { flex: 0 0 12.5%; max-width: 12.5%; } } @media (min-width: 736px) { .wpcpro-row .wpcpro-col-md-1 { flex: 0 0 100%; max-width: 100%; } .wpcpro-row .wpcpro-col-md-2 { flex: 0 0 50%; max-width: 50%; } .wpcpro-row .wpcpro-col-md-2-5 { flex: 0 0 75%; max-width: 75%; } .wpcpro-row .wpcpro-col-md-3 { flex: 0 0 33.333%; max-width: 33.333%; } .wpcpro-row .wpcpro-col-md-4 { flex: 0 0 25%; max-width: 25%; } .wpcpro-row .wpcpro-col-md-5 { flex: 0 0 20%; max-width: 20%; } .wpcpro-row .wpcpro-col-md-6 { flex: 0 0 16.66666666666667%; max-width: 16.66666666666667%; } .wpcpro-row .wpcpro-col-md-7 { flex: 0 0 14.28571428%; max-width: 14.28571428%; } .wpcpro-row .wpcpro-col-md-8 { flex: 0 0 12.5%; max-width: 12.5%; } } @media (min-width: 980px) { .wpcpro-row .wpcpro-col-lg-1 { flex: 0 0 100%; max-width: 100%; } .wpcpro-row .wpcpro-col-lg-2 { flex: 0 0 50%; max-width: 50%; } .wpcpro-row .wpcpro-col-lg-3 { flex: 0 0 33.222%; max-width: 33.222%; } .wpcpro-row .wpcpro-col-lg-4 { flex: 0 0 25%; max-width: 25%; } .wpcpro-row .wpcpro-col-lg-5 { flex: 0 0 20%; max-width: 20%; } .wpcpro-row .wpcpro-col-lg-6 { flex: 0 0 16.6667%; max-width: 16.6667%; } .wpcpro-row .wpcpro-col-lg-7 { flex: 0 0 14.28571428%; max-width: 14.28571428%; } .wpcpro-row .wpcpro-col-lg-8 { flex: 0 0 12.5%; max-width: 12.5%; } } @media (min-width: 1200px) { .wpcpro-row .wpcpro-col-xl-1 { flex: 0 0 100%; max-width: 100%; } .wpcpro-row .wpcpro-col-xl-2 { flex: 0 0 50%; max-width: 50%; } .wpcpro-row .wpcpro-col-xl-3 { flex: 0 0 33.22222222%; max-width: 33.22222222%; } .wpcpro-row .wpcpro-col-xl-4 { flex: 0 0 25%; max-width: 25%; } .wpcpro-row .wpcpro-col-xl-5 { flex: 0 0 20%; max-width: 20%; } .wpcpro-row .wpcpro-col-xl-6 { flex: 0 0 16.66667%; max-width: 16.66667%; } .wpcpro-row .wpcpro-col-xl-7 { flex: 0 0 14.28571428%; max-width: 14.28571428%; } .wpcpro-row .wpcpro-col-xl-8 { flex: 0 0 12.5%; max-width: 12.5%; } }<\/style><div class=\"wpcp-carousel-wrapper wpcp-wrapper-554\">\n\t<div id=\"wpcp-preloader-554\" class=\"wpcp-carousel-preloader\"><img decoding=\"async\" src=\"https:\/\/sahidiarabians.com\/wp-content\/plugins\/wp-carousel-free\/public\/css\/spinner.svg\" alt=\"Preloader Image\" \/><\/div>\t<div class=\"wpcp-carousel-content-wrapper\">\n\t<div id=\"sp-wp-carousel-free-id-554\" class=\"wpcp-carousel-section sp-wpcp-554  nav-vertical-center wpcp-image-carousel wpcp-preloader wpcp-standard\" data-swiper='{ &quot;accessibility&quot;:true, &quot;spaceBetween&quot;:0, &quot;arrows&quot;:true, &quot;freeMode&quot;: false, &quot;autoplay&quot;:false, &quot;effect&quot;: &quot;normal&quot;, &quot;centerMode&quot;: false, &quot;autoplaySpeed&quot;:3000, &quot;dots&quot;:true, &quot;infinite&quot;:false, &quot;speed&quot;:700, &quot;pauseOnHover&quot;:true,\n\t\t\t&quot;slidesToShow&quot;:{&quot;lg_desktop&quot;:1, &quot;desktop&quot;: 1, &quot;laptop&quot;: 1, &quot;tablet&quot;: 1, &quot;mobile&quot;: 1}, &quot;responsive&quot;:{&quot;desktop&quot;:1200, &quot;laptop&quot;: 980, &quot;tablet&quot;: 736, &quot;mobile&quot;: 480}, &quot;rtl&quot;:false, &quot;lazyLoad&quot;: &quot;false&quot;, &quot;swipe&quot;: true, &quot;draggable&quot;: true, &quot;swipeToSlide&quot;:false }' dir=\"ltr\">\n\t\t<div class=\"swiper-wrapper\">\n\t\t<div class=\"swiper-slide\">\n\t<div class=\"wpcp-single-item\">\n\t\t\t<a class=\"wcp-light-box\" data-buttons='[\"close\"]' data-wpc_url='https:\/\/sahidiarabians.com\/wp-content\/uploads\/2024\/11\/image001-300x200.jpg' href=\"https:\/\/sahidiarabians.com\/wp-content\/uploads\/2024\/11\/image001.jpg\" data-fancybox=\"wpcp_view\">\n\t\t<figure>\n\t\t\t<img loading=\"lazy\" decoding=\"async\" class=\"wcp-lazy swiper-lazy\" data-src=\"https:\/\/sahidiarabians.com\/wp-content\/uploads\/2024\/11\/image001-300x200.jpg\" src=\"https:\/\/sahidiarabians.com\/wp-content\/plugins\/wp-carousel-free\/public\/css\/spinner.svg\" alt=\"image001\" width=\"300\" height=\"200\">\t\t<\/figure>\n\t<\/a>\n\t\t<\/div>\n<\/div>\n\t<div class=\"swiper-slide\">\n\t<div class=\"wpcp-single-item\">\n\t\t\t<a class=\"wcp-light-box\" data-buttons='[\"close\"]' data-wpc_url='https:\/\/sahidiarabians.com\/wp-content\/uploads\/2024\/11\/image002-300x200.jpg' href=\"https:\/\/sahidiarabians.com\/wp-content\/uploads\/2024\/11\/image002.jpg\" data-fancybox=\"wpcp_view\">\n\t\t<figure>\n\t\t\t<img loading=\"lazy\" decoding=\"async\" class=\"wcp-lazy swiper-lazy\" data-src=\"https:\/\/sahidiarabians.com\/wp-content\/uploads\/2024\/11\/image002-300x200.jpg\" src=\"https:\/\/sahidiarabians.com\/wp-content\/plugins\/wp-carousel-free\/public\/css\/spinner.svg\" alt=\"image002\" width=\"300\" height=\"200\">\t\t<\/figure>\n\t<\/a>\n\t\t<\/div>\n<\/div>\n\t<div class=\"swiper-slide\">\n\t<div class=\"wpcp-single-item\">\n\t\t\t<a class=\"wcp-light-box\" data-buttons='[\"close\"]' data-wpc_url='https:\/\/sahidiarabians.com\/wp-content\/uploads\/2024\/11\/image003-300x200.jpg' href=\"https:\/\/sahidiarabians.com\/wp-content\/uploads\/2024\/11\/image003.jpg\" data-fancybox=\"wpcp_view\">\n\t\t<figure>\n\t\t\t<img loading=\"lazy\" decoding=\"async\" class=\"wcp-lazy swiper-lazy\" data-src=\"https:\/\/sahidiarabians.com\/wp-content\/uploads\/2024\/11\/image003-300x200.jpg\" src=\"https:\/\/sahidiarabians.com\/wp-content\/plugins\/wp-carousel-free\/public\/css\/spinner.svg\" alt=\"image003\" width=\"300\" height=\"200\">\t\t<\/figure>\n\t<\/a>\n\t\t<\/div>\n<\/div>\n\t<div class=\"swiper-slide\">\n\t<div class=\"wpcp-single-item\">\n\t\t\t<a class=\"wcp-light-box\" data-buttons='[\"close\"]' data-wpc_url='https:\/\/sahidiarabians.com\/wp-content\/uploads\/2024\/11\/image004-200x300.jpg' href=\"https:\/\/sahidiarabians.com\/wp-content\/uploads\/2024\/11\/image004.jpg\" data-fancybox=\"wpcp_view\">\n\t\t<figure>\n\t\t\t<img loading=\"lazy\" decoding=\"async\" class=\"wcp-lazy swiper-lazy\" data-src=\"https:\/\/sahidiarabians.com\/wp-content\/uploads\/2024\/11\/image004-200x300.jpg\" src=\"https:\/\/sahidiarabians.com\/wp-content\/plugins\/wp-carousel-free\/public\/css\/spinner.svg\" alt=\"image004\" width=\"200\" height=\"300\">\t\t<\/figure>\n\t<\/a>\n\t\t<\/div>\n<\/div>\n\t<div class=\"swiper-slide\">\n\t<div class=\"wpcp-single-item\">\n\t\t\t<a class=\"wcp-light-box\" data-buttons='[\"close\"]' data-wpc_url='https:\/\/sahidiarabians.com\/wp-content\/uploads\/2024\/11\/image006-300x200.jpg' href=\"https:\/\/sahidiarabians.com\/wp-content\/uploads\/2024\/11\/image006.jpg\" data-fancybox=\"wpcp_view\">\n\t\t<figure>\n\t\t\t<img loading=\"lazy\" decoding=\"async\" class=\"wcp-lazy swiper-lazy\" data-src=\"https:\/\/sahidiarabians.com\/wp-content\/uploads\/2024\/11\/image006-300x200.jpg\" src=\"https:\/\/sahidiarabians.com\/wp-content\/plugins\/wp-carousel-free\/public\/css\/spinner.svg\" alt=\"image006\" width=\"300\" height=\"200\">\t\t<\/figure>\n\t<\/a>\n\t\t<\/div>\n<\/div>\n\t<div class=\"swiper-slide\">\n\t<div class=\"wpcp-single-item\">\n\t\t\t<a class=\"wcp-light-box\" data-buttons='[\"close\"]' data-wpc_url='https:\/\/sahidiarabians.com\/wp-content\/uploads\/2024\/11\/image007-300x200.jpg' href=\"https:\/\/sahidiarabians.com\/wp-content\/uploads\/2024\/11\/image007.jpg\" data-fancybox=\"wpcp_view\">\n\t\t<figure>\n\t\t\t<img loading=\"lazy\" decoding=\"async\" class=\"wcp-lazy swiper-lazy\" data-src=\"https:\/\/sahidiarabians.com\/wp-content\/uploads\/2024\/11\/image007-300x200.jpg\" src=\"https:\/\/sahidiarabians.com\/wp-content\/plugins\/wp-carousel-free\/public\/css\/spinner.svg\" alt=\"image007\" width=\"300\" height=\"200\">\t\t<\/figure>\n\t<\/a>\n\t\t<\/div>\n<\/div>\n\t<div class=\"swiper-slide\">\n\t<div class=\"wpcp-single-item\">\n\t\t\t<a class=\"wcp-light-box\" data-buttons='[\"close\"]' data-wpc_url='https:\/\/sahidiarabians.com\/wp-content\/uploads\/2024\/11\/image008-300x200.jpg' href=\"https:\/\/sahidiarabians.com\/wp-content\/uploads\/2024\/11\/image008.jpg\" data-fancybox=\"wpcp_view\">\n\t\t<figure>\n\t\t\t<img loading=\"lazy\" decoding=\"async\" class=\"wcp-lazy swiper-lazy\" data-src=\"https:\/\/sahidiarabians.com\/wp-content\/uploads\/2024\/11\/image008-300x200.jpg\" src=\"https:\/\/sahidiarabians.com\/wp-content\/plugins\/wp-carousel-free\/public\/css\/spinner.svg\" alt=\"image008\" width=\"300\" height=\"200\">\t\t<\/figure>\n\t<\/a>\n\t\t<\/div>\n<\/div>\n\t<div class=\"swiper-slide\">\n\t<div class=\"wpcp-single-item\">\n\t\t\t<a class=\"wcp-light-box\" data-buttons='[\"close\"]' data-wpc_url='https:\/\/sahidiarabians.com\/wp-content\/uploads\/2024\/11\/image009-300x200.jpg' href=\"https:\/\/sahidiarabians.com\/wp-content\/uploads\/2024\/11\/image009.jpg\" data-fancybox=\"wpcp_view\">\n\t\t<figure>\n\t\t\t<img loading=\"lazy\" decoding=\"async\" class=\"wcp-lazy swiper-lazy\" data-src=\"https:\/\/sahidiarabians.com\/wp-content\/uploads\/2024\/11\/image009-300x200.jpg\" src=\"https:\/\/sahidiarabians.com\/wp-content\/plugins\/wp-carousel-free\/public\/css\/spinner.svg\" alt=\"image009\" width=\"300\" height=\"200\">\t\t<\/figure>\n\t<\/a>\n\t\t<\/div>\n<\/div>\n\t<div class=\"swiper-slide\">\n\t<div class=\"wpcp-single-item\">\n\t\t\t<a class=\"wcp-light-box\" data-buttons='[\"close\"]' data-wpc_url='https:\/\/sahidiarabians.com\/wp-content\/uploads\/2024\/11\/image010-300x200.jpg' href=\"https:\/\/sahidiarabians.com\/wp-content\/uploads\/2024\/11\/image010.jpg\" data-fancybox=\"wpcp_view\">\n\t\t<figure>\n\t\t\t<img loading=\"lazy\" decoding=\"async\" class=\"wcp-lazy swiper-lazy\" data-src=\"https:\/\/sahidiarabians.com\/wp-content\/uploads\/2024\/11\/image010-300x200.jpg\" src=\"https:\/\/sahidiarabians.com\/wp-content\/plugins\/wp-carousel-free\/public\/css\/spinner.svg\" alt=\"image010\" width=\"300\" height=\"200\">\t\t<\/figure>\n\t<\/a>\n\t\t<\/div>\n<\/div>\n\t<div class=\"swiper-slide\">\n\t<div class=\"wpcp-single-item\">\n\t\t\t<a class=\"wcp-light-box\" data-buttons='[\"close\"]' data-wpc_url='https:\/\/sahidiarabians.com\/wp-content\/uploads\/2024\/11\/image011-300x200.jpg' href=\"https:\/\/sahidiarabians.com\/wp-content\/uploads\/2024\/11\/image011.jpg\" data-fancybox=\"wpcp_view\">\n\t\t<figure>\n\t\t\t<img loading=\"lazy\" decoding=\"async\" class=\"wcp-lazy swiper-lazy\" data-src=\"https:\/\/sahidiarabians.com\/wp-content\/uploads\/2024\/11\/image011-300x200.jpg\" src=\"https:\/\/sahidiarabians.com\/wp-content\/plugins\/wp-carousel-free\/public\/css\/spinner.svg\" alt=\"image011\" width=\"300\" height=\"200\">\t\t<\/figure>\n\t<\/a>\n\t\t<\/div>\n<\/div>\n\t<div class=\"swiper-slide\">\n\t<div class=\"wpcp-single-item\">\n\t\t\t<a class=\"wcp-light-box\" data-buttons='[\"close\"]' data-wpc_url='https:\/\/sahidiarabians.com\/wp-content\/uploads\/2024\/11\/image012-300x200.jpg' href=\"https:\/\/sahidiarabians.com\/wp-content\/uploads\/2024\/11\/image012.jpg\" data-fancybox=\"wpcp_view\">\n\t\t<figure>\n\t\t\t<img loading=\"lazy\" decoding=\"async\" class=\"wcp-lazy swiper-lazy\" data-src=\"https:\/\/sahidiarabians.com\/wp-content\/uploads\/2024\/11\/image012-300x200.jpg\" src=\"https:\/\/sahidiarabians.com\/wp-content\/plugins\/wp-carousel-free\/public\/css\/spinner.svg\" alt=\"image012\" width=\"300\" height=\"200\">\t\t<\/figure>\n\t<\/a>\n\t\t<\/div>\n<\/div>\n\t\t\t<\/div>\n\t\t\t\t\t<div class=\"wpcp-swiper-dots swiper-pagination\"><\/div>\n\t\t\t\t<!-- If we need navigation buttons -->\n\t\t\t\t\t<div class=\"wpcp-prev-button swiper-button-prev\"><i class=\"fa fa-angle-left\"><\/i><\/div>\n\t\t\t<div class=\"wpcp-next-button swiper-button-next\"><i class=\"fa fa-angle-right\"><\/i><\/div>\n\t\t\t<\/div>\n\t<\/div>\n<\/div>\n<\/div>\n\n\n<p>Photography by Reindert Jansen, <a href=\"https:\/\/www.instagram.com\/daniquephotography_\/\" data-type=\"link\" data-id=\"https:\/\/www.instagram.com\/daniquephotography_\/\">Danique Photography<\/a>, <a href=\"https:\/\/www.instagram.com\/paoladreraph\/\" data-type=\"link\" data-id=\"https:\/\/www.instagram.com\/paoladreraph\/\">Paola Drera<\/a>.<\/p>\n","protected":false},"excerpt":{"rendered":"<p>Vidar Al Sahidi Born: 15 June 2020Deceased: 7 April 2022Sire: Ali Khan (by Cavalli)Dam: Valeta F Full Pedigree The first foal of our breeding program was born on 15 June 2020, a painted colt by the young and promising Ali Khan, owned by\u00a0B\u00f6hmer Horses, out of our Valeta F. We named this colt Vidar Al&#8230;<\/p>\n","protected":false},"author":1,"featured_media":0,"parent":0,"menu_order":0,"comment_status":"closed","ping_status":"closed","template":"","meta":{"_monsterinsights_skip_tracking":false,"_monsterinsights_sitenote_active":false,"_monsterinsights_sitenote_note":"","_monsterinsights_sitenote_category":0,"_kad_post_transparent":"","_kad_post_title":"","_kad_post_layout":"","_kad_post_sidebar_id":"","_kad_post_content_style":"","_kad_post_vertical_padding":"","_kad_post_feature":"","_kad_post_feature_position":"","_kad_post_header":false,"_kad_post_footer":false,"footnotes":""},"class_list":["post-87","page","type-page","status-publish","hentry"],"_links":{"self":[{"href":"https:\/\/sahidiarabians.com\/index.php\/wp-json\/wp\/v2\/pages\/87","targetHints":{"allow":["GET"]}}],"collection":[{"href":"https:\/\/sahidiarabians.com\/index.php\/wp-json\/wp\/v2\/pages"}],"about":[{"href":"https:\/\/sahidiarabians.com\/index.php\/wp-json\/wp\/v2\/types\/page"}],"author":[{"embeddable":true,"href":"https:\/\/sahidiarabians.com\/index.php\/wp-json\/wp\/v2\/users\/1"}],"replies":[{"embeddable":true,"href":"https:\/\/sahidiarabians.com\/index.php\/wp-json\/wp\/v2\/comments?post=87"}],"version-history":[{"count":19,"href":"https:\/\/sahidiarabians.com\/index.php\/wp-json\/wp\/v2\/pages\/87\/revisions"}],"predecessor-version":[{"id":591,"href":"https:\/\/sahidiarabians.com\/index.php\/wp-json\/wp\/v2\/pages\/87\/revisions\/591"}],"wp:attachment":[{"href":"https:\/\/sahidiarabians.com\/index.php\/wp-json\/wp\/v2\/media?parent=87"}],"curies":[{"name":"wp","href":"https:\/\/api.w.org\/{rel}","templated":true}]}}